 - 3*y - 18 = 11*p. Suppose 5*m - g = 136, 5*g + 32 = m - 0*m. What is the greatest common divisor of p and m?
3
Let u(m) = 397*m + 507. Let o be u(8). What is the greatest common factor of 29 and o?
29
Let x = -56 + 58. Let h be 10/10*(-44)/(-3)*6. Suppose 0 = -3*a + 4 - 16, x*g + 3*a = h. What is the highest common factor of g and 25?
25
Let r be ((-24)/7)/(1458/294 + -5). Calculate the greatest common divisor of r and 3948.
84
Let i = 246 - 81. Let w(o) = -o**3 + 14*o + 45. Let g be w(-3). What is the highest common factor of g and i?
15
Suppose 4*t = 2*v + 290, 3*v - t + 238 + 197 = 0. Let z = 271 + v. Let w = z - 117. Calculate the highest common divisor of 171 and w.
9
Let z(h) = -931*h - 2686. Let l be z(-5). Calculate the highest common divisor of 11 and l.
11
Let o be (-2)/8 - -84*598/736. What is the greatest common factor of 3604 and o?
68
Let s(v) = v**3 - 15*v**2 + 17*v - 42. Let n be s(14). Suppose -g = -3*g + 3*z + 183, -5*g - 4*z + 400 = n. What is the highest common factor of 2 and g?
2
Suppose -5*x = -110*j + 107*j + 77480, -2*j + 4*x + 51656 = 0. What is the highest common factor of j and 20?
20
Let l be (-374)/99 + 4 + 1/(27/14466). Calculate the highest common divisor of l and 670.
134
Suppose -w + 0*w = 3*f - 131, 2 = -2*w. Let j = f + -37. Suppose -4 = j*u - 11. What is the greatest common divisor of 13 and u?
1
Suppose -5*d = -3*d - 572. Let o be 38/95 + 216/10. What is the greatest common divisor of d and o?
22
Let z = 1361 - 1351. Let o(v) = v - 6. Let q be o(7). Let x be q + (-3 - (-3 - 3)). Calculate the highest common divisor of x and z.
2
Let r(l) = -l**3 + 8*l**2 + 3*l + 62. Let n be r(0). What is the greatest common factor of 3286 and n?
62
Suppose -3*t - 5*g + 30 + 2 = 0, -t + 3*g = 8. Suppose -t*p - 1626 = 2*p. Let z = -191 - p. What is the greatest common divisor of 16 and z?
16
Suppose -2*f - 5*n = -451, -4*f - 2*n = 510 - 1420. What is the highest common factor of 34428 and f?
228
Let z(g) = -2*g**3 + 15*g**2 - 11*g + 84. Let y be z(7). What is the highest common factor of 64 and y?
8
Suppose -u + 2362*o + 102 = 2361*o, u + 3*o = 126. Let m be ((-3)/(-4))/(1/48). What is the greatest common divisor of m and u?
36
Let r(d) = 32*d**2 - 507*d - 3. Let k be r(22). Calculate the greatest common factor of 793 and k.
61
Suppose 0 = -5*g + 12 + 68. Suppose 0*f - f = -g. Let m = -166 - -182. What is the highest common factor of m and f?
16
Let z be (-162)/6*26/(-6). What is the greatest common divisor of z and 481?
13
Let l = 29607 - 29199. What is the highest common divisor of l and 6834?
102
Let l = 48 + -43. Suppose 0 = 2*t - d - 55, t + 65 = 4*t - l*d. Suppose -10 = c - 2*c. What is the highest common factor of c and t?
10
Suppose -156*d = -95*d - 64*d + 204. Calculate the highest common divisor of d and 16966.
34
Let c be (15 - 10)*1165/1. Calculate the greatest common divisor of c and 25.
25
Let t be 4/(9 - 154/26 - 3). Calculate the highest common divisor of 1950 and t.
26
Suppose 3196 = 48*w - 5444. What is the highest common divisor of 405 and w?
45
Let t(q) = 3*q**2 - 3*q + 3. Let o be t(-5). Let j(s) = -4*s - 179. Let f be j(-25). Let u = o + f. What is the highest common divisor of 126 and u?
14
Suppose -5 = -2*g + 33. Let v be 3970/11 - (-55)/605. Calculate the highest common factor of v and g.
19
Suppose 4*w - 11*l = -10*l + 1017, 5*l = -5*w + 1290. Suppose -5*u + w = 5*x, 16*x - 3*u - 190 = 12*x. Calculate the greatest common divisor of 2 and x.
1
Suppose -39*q - 27*q = 14359 - 48019. What is the highest common factor of q and 12410?
170
Suppose 2*j + 53 = m, 10*m = 6*m - 2*j + 222. Let u = m + -33. Let n(o) = 27*o**2 + o. Let d be n(2). What is the highest common divisor of d and u?
22
Let u = 6865 + -5786. What is the greatest common factor of 13 and u?
13
Let k be ((-2)/3)/(2 + 560/(-276)). Suppose -10 = 2*h, 0*t = 5*t - 5*h - 585. Suppose 43 = -f + t. What is the greatest common factor of f and k?
23
Let y be (260/(-15))/((-94)/141). Calculate the highest common divisor of y and 3146.
26
Let b(q) = 48*q**2 + 3*q - 1. Let m be b(-2). Suppose -3*i = -12 - 99. What is the greatest common divisor of i and m?
37
Let c = 281 - 236. Let s be (15/2)/((1/10)/1). Suppose 18*m = 13*m + s. Calculate the highest common factor of m and c.
15
Let r(v) = -v**3 + 7*v**2 - 12*v + 10. Let i be r(5). Suppose 24*k - 17*k - 168 = i. Calculate the greatest common factor of 152 and k.
8
Let b(t) = -22*t - 1. Let s be b(-1). Suppose 0 = 5*h - 25, -4*c = -c + 3*h - s. Suppose c*f + 140 = 3*f. Calculate the highest common divisor of 28 and f.
28
Suppose 3*j - 729 = 3*i, -2*j - 3*j = -2*i - 1212. Suppose -734 = -11*p - 2*b, 8 = 4*b - 2*b - 0. What is the highest common factor of p and j?
22
Let i(u) = -744*u + 1016. Let h be i(1). What is the greatest common factor of 476 and h?
68
Suppose 20 = -x - x. Let m be 1/((-1)/x*-2). Let l be (m - (-9)/2)*80/(-2). What is the greatest common factor of 60 and l?
20
Let x = -4116 - -4392. Calculate the highest common divisor of x and 456.
12
Suppose p = h + 5828 - 1208, -3*h = 5*p + 13860. Let s be (264/14)/((-88)/h). What is the greatest common factor of s and 33?
33
Let x(c) = c + 4. Let g = 25 - 15. Let o be x(g). Let w = 1478 + -1380. What is the greatest common factor of o and w?
14
Let q = 3213 - 3073. Calculate the highest common divisor of 16030 and q.
70
Let w(k) = k**3 - 56*k**2 + 46*k + 717. Let g be w(55). What is the highest common factor of 592 and g?
74
Suppose -4*l = -3 - 65. Suppose -2*n - 761 + 2163 = 0. Let u = -565 + n. What is the highest common divisor of l and u?
17
Let u be (-16 - 138)/(1/(-11)). Calculate the highest common factor of u and 14.
14
Let y(r) be the third derivative of -r**6/120 + r**5/10 + r**4/2 - 11*r**3/3 - r**2 + 2. Let b be y(7). What is the highest common divisor of b and 52?
13
Suppose 2*l = 3*j - 0*l - 249, j = -2*l + 75. Suppose u = 93 - j. What is the highest common divisor of 6 and u?
6
Suppose -2*z + 4*q = -812, z + 11 = -3*q + 437. Suppose 18 = 29*i - 28*i. Calculate the greatest common factor of i and z.
18
Let h = -8149 + 8212. What is the greatest common factor of 225 and h?
9
Let f(g) = -g**2 + 9*g + 27. Let u be f(11). Suppose 6*k = u - 5. Suppose 6*w - 264 - 492 = k. Calculate the greatest common divisor of 18 and w.
18
Let p = 7 + -2. Let c be ((-15)/p)/(1/(-3)). Suppose 6*v - c = 57. Calculate the greatest common factor of v and 110.
11
Suppose 75 = 17*v - 15*v + 3*r, -4*v = -3*r - 105. What is the highest common factor of v and 3630?
30
Let q = 91 + -5. Let l = q - 90. Let j be 48/5 - 4*l/40. What is the highest common divisor of 15 and j?
5
Let x(w) = -2*w**3 - 5*w**2 + 13*w - 4. Let g be x(5). Let i = g + 402. What is the highest common factor of 88 and i?
88
Let c = 174 - 166. Suppose 4*u = 20, z - 9*u + 5*u - c = 0. Let o be (-2 + 4)/((-1)/(-28)). Calculate the highest common factor of z and o.
28
Let n(i) = -122*i - 160. Let p be n(-5). Let l(t) = 4*t**2 - 5*t + 9. Let y be l(3). Calculate the greatest common factor of p and y.
30
Let g(n) = n**3 + 5*n**2 - 8*n + 55. Let o be g(-9). Let p = o + 323. What is the greatest common factor of p and 90?
18
Let w be 18/(-72) + 690/8. Suppose 3*z + 5*n + 11 = w, 0 = -4*z + n + 123. What is the highest common factor of 6 and z?
6
Let g = -60387 - -60393. Let s be (1209/3 - -1) + 1. Suppose -4*l + 3*h + s = 0, -2*h = -l + 20 + 80. What is the greatest common factor of l and g?
6
Let u be -3 + 0 - (-4 - 1). Let v = 2 - u. Suppose -5*p + 196 - 11 = v. Calculate the highest common divisor of p and 259.
37
Let r(u) = 99*u + 5817. Let l be r(-49). What is the greatest common divisor of 28 and l?
14
Let n be 225*2 + (-3 - 49/7). Calculate the highest common divisor of 616 and n.
88
Suppose 6*z - 35 = -5*i + 65, 4*i + z = 42. Let b be (-3)/(-9) + (-10)/(-6). What is the highest common factor of i and b?
2
Let i be 13 - (8 - -277880)/(-16). What is the highest common factor of 91 and i?
91
Let x = -245 - -143. Let f = -92 - x. Suppose f - 50 = -2*y. Calculate the greatest common factor of 30 and y.
10
Let l(g) = g**2 - 1407*g - 2814. Let b be l(-2). Calculate the greatest common factor of 10628 and b.
4
Suppose -s = -2*a - 0 + 5, 2*a - 5*s = 1. Suppose 4*b + 5*g = 283, a*b - 211 = -1